{"id":2,"date":"2010-12-07T10:39:47","date_gmt":"2010-12-07T15:39:47","guid":{"rendered":"http:\/\/olaviakite.com\/machinasomnii\/?page_id=2"},"modified":"2011-04-22T09:40:17","modified_gmt":"2011-04-22T14:40:17","slug":"about","status":"publish","type":"page","link":"http:\/\/olaviakite.com\/machinasomnii\/about\/","title":{"rendered":"\u00bfMaquinaqu\u00e9?"},"content":{"rendered":"<p>Este es el archivo on\u00edrico de Olavia Kite. La direcci\u00f3n no se hace responsable por los sue\u00f1os en los que usted aparezca.<\/p>\n","protected":false},"excerpt":{"rendered":"<p>Este es el archivo on\u00edrico de Olavia Kite. La direcci\u00f3n no se hace responsable por los sue\u00f1os en los que usted aparezca.<\/p>\n","protected":false},"author":1,"featured_media":0,"parent":0,"menu_order":0,"comment_status":"open","ping_status":"closed","template":"","meta":{"footnotes":""},"_links":{"self":[{"href":"http:\/\/olaviakite.com\/machinasomnii\/wp-json\/wp\/v2\/pages\/2"}],"collection":[{"href":"http:\/\/olaviakite.com\/machinasomnii\/wp-json\/wp\/v2\/pages"}],"about":[{"href":"http:\/\/olaviakite.com\/machinasomnii\/wp-json\/wp\/v2\/types\/page"}],"author":[{"embeddable":true,"href":"http:\/\/olaviakite.com\/machinasomnii\/wp-json\/wp\/v2\/users\/1"}],"replies":[{"embeddable":true,"href":"http:\/\/olaviakite.com\/machinasomnii\/wp-json\/wp\/v2\/comments?post=2"}],"version-history":[{"count":7,"href":"http:\/\/olaviakite.com\/machinasomnii\/wp-json\/wp\/v2\/pages\/2\/revisions"}],"predecessor-version":[{"id":519,"href":"http:\/\/olaviakite.com\/machinasomnii\/wp-json\/wp\/v2\/pages\/2\/revisions\/519"}],"wp:attachment":[{"href":"http:\/\/olaviakite.com\/machinasomnii\/wp-json\/wp\/v2\/media?parent=2"}],"curies":[{"name":"wp","href":"https:\/\/api.w.org\/{rel}","templated":true}]}}